
False
Is 41722813081 prime?
False
Is 8337147311 a prime number?
False
Is 62812740541 a composite number?
False
Is 8814362203 a composite number?
True
Is 21608284193 composite?
True
Is 109839199 a prime number?
False
Is 64683237197 prime?
True
Is 21689325797 prime?
False
Is 9821160565 a prime number?
False
Is 11398311121 prime?
True
Is 742639087 a prime number?
False
Is 7710426467 prime?
True
Is 2132539863 a composite number?
True
Is 25093036207 prime?
True
Is 645021569 prime?
True
Is 11676045173 prime?
False
Is 11722283 prime?
True
Is 7473308959 composite?
False
Is 16222628171 a prime number?
True
Is 1602911785 prime?
False
Is 22870483219 a composite number?
True
Is 75851237533 a composite number?
False
Is 292742171 a prime number?
False
Is 993326561 prime?
True
Is 238167443 a prime number?
False
Is 994936391 a composite number?
False
Is 3986901767 a composite number?
True
Is 3409814521 prime?
True
Is 121437083 composite?
False
Is 8391531769 a prime number?
True
Is 1229562721 prime?
False
Is 7896733421 a prime number?
True
Is 22349593309 a prime number?
False
Is 24324180181 prime?
False
Is 858728729 a composite number?
False
Is 7157945923 a prime number?
True
Is 12837552847 a prime number?
False
Is 54201483079 a composite number?
False
Is 81660437011 prime?
True
Is 1074304901 a composite number?
False
Is 2822671265 composite?
True
Is 97127179 a composite number?
False
Is 3448659059 prime?
True
Is 227969022055 composite?
True
Is 10886101613 a composite number?
False
Is 2016319243 composite?
False
Is 65291950079 composite?
False
Is 49154251189 composite?
False
Is 15445834493 composite?
True
Is 1370185933 prime?
True
Is 1686406889 a prime number?
True
Is 11986170631 prime?
True
Is 1239391339 composite?
False
Is 164830414873 composite?
False
Is 597715693 a prime number?
True
Is 39858726351 composite?
True
Is 17206637837 prime?
True
Is 2518264037 composite?
True
Is 342169757 a prime number?
True
Is 109760876273 prime?
True
Is 20238829445 a prime number?
False
Is 682410269 a composite number?
False
Is 238761307 a composite number?
False
Is 2196745121 a composite number?
False
Is 1546552351 a prime number?
True
Is 11570193611 a composite number?
True
Is 262812497 composite?
True
Is 14060218283 composite?
False
Is 420915449 a prime number?
False
Is 1384375051 prime?
True
Is 12077196727 a composite number?
True
Is 86401403497 a prime number?
True
Is 24408925613 prime?
True
Is 341361637 a composite number?
True
Is 4554316909 a composite number?
False
Is 2884908809 prime?
True
Is 46520829133 a prime number?
True
Is 50308146289 a prime number?
False
Is 4611214211 composite?
False
Is 405663149 a composite number?
False
Is 227181551 prime?
True
Is 24731388482 composite?
True
Is 2304134951 prime?
True
Is 839412767 a prime number?
False
Is 12561040633 a prime number?
True
Is 17181441701 composite?
True
Is 3382952054 prime?
False
Is 74258508943 prime?
False
Is 2204050987 composite?
True
Is 9732054053 composite?
False
Is 261773081 composite?
True
Is 11317745537 prime?
False
Is 2377766933 prime?
False
Is 153582007009 a composite number?
False
Is 6046286879 composite?
True
Is 29624424871 a composite number?
False
Is 8527840613 prime?
False
Is 315854663 a prime number?
True
Is 384465847 a composite number?
True
Is 52236376417 a composite number?
False
Is 1047610037 composite?
False
Is 3819883897 prime?
True
Is 10068127061 a prime number?
True
Is 14655845371 prime?
True
Is 1324055507 composite?
False
Is 45658855169 a composite number?
False
Is 358016479 composite?
True
Is 810962687 a prime number?
False
Is 3320805311 composite?
False
Is 132823729 a composite number?
False
Is 135419680699 composite?
False
Is 184258480781 a composite number?
False
Is 1632405022 a prime number?
False
Is 4168207 prime?
True
Is 369400958 composite?
True
Is 12333911911 composite?
True
Is 17847035617 prime?
True
Is 16374807269 prime?
False
Is 1152540409 prime?
True
Is 1717917911 a prime number?
False
Is 36637001069 prime?
True
Is 62957506219 a prime number?
False
Is 10010414563 a composite number?
False
Is 608973571 a prime number?
False
Is 6208884191 prime?
False
Is 1871766278 a prime number?
False
Is 1870063229 a prime number?
True
Is 25757683303 a prime number?
False
Is 41384882483 composite?
True
Is 10964147891 prime?
True
Is 12218947691 prime?
True
Is 10763649627 composite?
True
Is 42140366077 prime?
True
Is 657024521 a prime number?
False
Is 1964076733 a composite number?
True
Is 4769307923 a prime number?
False
Is 5272184941 prime?
True
Is 5199395933 composite?
False
Is 1469922361 prime?
True
Is 3827099461 composite?
True
Is 151368317 a prime number?
True
Is 418540718503 a prime number?
True
Is 625687033 a prime number?
False
Is 54552105967 a prime number?
False
Is 4857876022 a prime number?
False
Is 1468235921 a prime number?
True
Is 780985301 a composite number?
True
Is 24213379681 a prime number?
False
Is 693042241 a composite number?
False
Is 529880807 composite?
False
Is 380123941 composite?
False
Is 12951082969 a composite number?
True
Is 35417240367 a prime number?
False
Is 80249651 composite?
True
Is 543770911 prime?
True
Is 28779580691 a prime number?
False
Is 109408633 composite?
True
Is 5189570041 a composite number?
False
Is 37296650987 a composite number?
True
Is 1846780231 a prime number?
True
Is 1929329249 prime?
True
Is 991151111 prime?
False
Is 2287033351 composite?
True
Is 1671397205 prime?
False
Is 1067079809 prime?
True
Is 223517709209 a prime number?
False
Is 12263410189 a composite number?
True
Is 6006739733 prime?
False
Is 629472409 a composite number?
True
Is 4256098009 prime?
True
Is 622747627 composite?
False
Is 18844673207 prime?
False
Is 926327713 a composite number?
True
Is 84726734 prime?
False
Is 14635120289 prime?
False
Is 41859131903 a prime number?
True
Is 71731615 a prime number?
False
Is 1464530917 prime?
True
Is 79954763 prime?
False
Is 33943863029 composite?
True
Is 212439203 prime?
True
Is 5811585433 a prime number?
True
Is 40846469899 a prime number?
True
Is 1672995151 composite?
False
Is 61991164303 a composite number?
False
Is 6227629267 a composite number?
True
Is 2841737809 a composite number?
False
Is 668666017 a composite number?
False
Is 528283733 prime?
False
Is 20582388317 a composite number?
False
Is 49558771477 prime?
True
Is 7846048837 composite?
True
Is 16947494299 a composite number?
True
Is 63424994569 a composite number?
False
Is 1104091067 composite?
False
Is 11085603679 a composite number?
False
Is 3326636843 composite?
False
Is 317141159 a prime number?
True
Is 20607144449 a prime number?
True
Is 2242599053 a prime number?
True
Is 2249879063 a composite number?
True
Is 167181715 a prime number?
False
Is 5901328721 a composite number?
False
Is 1115465653 composite?
True
Is 7160539299 a prime number?
False
Is 1107020527 a composite number?
False
Is 8666785739 a composite number?
False
Is 50940723739 prime?
True
Is 5330809311 a composite number?
True
Is 240598979 composite?
False
Is 252180131 a prime number?
False
Is 1204700359 composite?
True
Is 1189610831 prime?
True
Is 1884722017 composite?
True
Is 136326794 prime?
False
Is 832069961 a composite number?
True
Is 19461520121 composite?
True
Is 3987844999 prime?
False
Is 153146243 prime?
True
Is 680444147 a prime number?
True
Is 3881149781 composite?
False
Is 5145458239 prime?
True
Is 2956867519 composite?
False
Is 4721077879 a prime number?
False
Is 814404371 a composite number?
True
Is 1225823639 prime?
True
Is 14640738461 a composite number?
True
Is 88130299547 a prime number?
True
Is 224165661407 a prime number?
False
Is 149266340935 a prime number?
False
Is 31858327177 composite?
True
Is 55877225629 prime?
True
Is 16574374697 composite?
False
Is 7036540723 composite?
False
Is 106431989471 prime?
False
Is 3610159717 a composite number?
True
Is 344343673 composite?
False
Is 203295623 composite?
False
Is 6721436921 a prime number?
True
Is 4301297017 a composite number?
False
Is 18331048919 a composite number?
True
Is 9618233 a prime number?
True
Is 6204327931 prime?
True
Is 354930673 composite?
False
Is 18743108789 prime?
True
Is 25282653989 composite?
False
Is 99271998829 a prime number?
True
Is 18743294783 prime?
True
Is 5350140131 a composite number?
True
Is 1559962